((-3)/(-6)).
19
Suppose r + 3 = 4*u, 5*u + 23 + 7 = 5*r. Let a(w) = 3*w**2 - 5*w + 2. Let t be a(3). Let p = t - r. What are the prime factors of p?
5
Let p = -107 + 154. List the prime factors of (-2)/9 + p/9.
5
Let f(a) = -a**3 + 7*a**2 + 8*a - 1. Let p be f(8). Let m(i) = -i**2 - 2*i - 1. Let g be m(-3). List the prime factors of g*1*(p - 0).
2
What are the prime factors of 2/((-94)/32 - -3)?
2
Let k(n) = -14*n - 6. Let y(t) = 5*t + 2. Let m(f) = 3*k(f) + 8*y(f). What are the prime factors of m(-7)?
2, 3
Let c(i) = -i**3 - 6*i**2 + 3*i + 18. List the prime factors of c(-8).
2, 61
Let v = -42 + 81. Suppose 0*z = -z + v. Let k = -27 + z. What are the prime factors of k?
2, 3
Let l = 66 + -41. Suppose 5*a = -h + l, -2*h = -4*h + 4*a - 6. Suppose 0 = -2*j + 7*j - 4*z + 1, -5*j + 5*z = h. What are the prime factors of j?
3
Let p(a) be the second derivative of a**3/6 + 23*a**2/2 - 7*a. Let y = -3 + -8. What are the prime factors of p(y)?
2, 3
Let x(n) = 21*n**2 - 1. Let l be x(1). Suppose -l = 2*h - 3*h. List the prime factors of h.
2, 5
Suppose -4*f + 13 = -71. What are the prime factors of f?
3, 7
Let n = -63 - -96. What are the prime factors of n?
3, 11
Let x(t) = 2*t**2 - t - 3. Let h be x(-4). Suppose 0*o + h = 3*o. Suppose o = c - 0. What are the prime factors of c?
11
Let s = 28 - 20. What are the prime factors of s?
2
Let k(h) = h - 7. Let b be k(8). What are the prime factors of (1 + -2)/(b/(-2))?
2
Let i(q) = 11*q + 1. Let p be i(-1). Suppose -x - 2*x = -75. Let k = p + x. What are the prime factors of k?
3, 5
Let i = 320 - 125. What are the prime factors of i?
3, 5, 13
Let y(c) = 2*c - 4. Let x be y(2). Suppose x = -5*s + 2*s + 4*m + 33, 20 = 5*s + 5*m. What are the prime factors of s?
7
Suppose 4 = -3*x + 7. Let f(q) = 3*q**2 + q + x + 0*q + 0*q. List the prime factors of f(-2).
11
Let j = 0 - -5. Let v(a) = a**2 - 4*a - 3. What are the prime factors of v(j)?
2
Suppose 0 = 8*i - 328 - 304. What are the prime factors of i?
79
Let l(h) = 21*h**2 + h - 8. What are the prime factors of l(-3)?
2, 89
Let k = -12 - -32. List the prime factors of 272/k + 4/10.
2, 7
Let q(k) = -2*k - 13. Let v be q(-10). Suppose -v = -c - 1. List the prime factors of c.
2, 3
List the prime factors of (-69)/(-2)*(-24)/(-18).
2, 23
Let k be 5/(-30) + (-590)/(-12). Let o = k + -23. What are the prime factors of o?
2, 13
Let a = -27 + 42. What are the prime factors of a?
3, 5
Let d(m) = -m**3 - 8*m**2 - m + 10. Let p(s) = s**3 + 6*s**2 - 15*s. Let u be p(-8). What are the prime factors of d(u)?
2, 3
Suppose -2*s = 2*c + 8, 20 = -s - s + 4*c. Let g(j) = j + 2. Let i be g(s). What are the prime factors of i/(-8)*(33 + 1)?
17
Let m = -180 + 122. Let b = -38 - m. List the prime factors of b.
2, 5
Let i(g) = g - 1. Let w(l) = -l**2 - l + 4. Let d be w(-3). Let n be i(d). What are the prime factors of (-27)/n - 0 - 1?
2
Let m(c) = -c**3 + 3*c**2 + 7*c - 8. What are the prime factors of m(-4)?
2, 19
Suppose 2*a + a + 3 = 3*u, -2*a - 2*u = -10. Let r(w) = -2*w - 3*w + 1 + 3*w + w**a. List the prime factors of r(3).
2
Let n(j) = -j**3 - 4*j**2 - 3*j + 3. Suppose b = -4*b + 375. Let m be 6/(-27) - b/27. What are the prime factors of n(m)?
3
Suppose 4*z = -4*d - 20, 4*d + z + 0*z = -5. What are the prime factors of 32 - d - (5 - 2)?
29
Let h be 198/24 + 2/(-8). Suppose -5*m - 5*o = -19 - 31, 2*m - h = -5*o. Let w = m + -7. What are the prime factors of w?
7
Let p = -6 + 14. Suppose 4 = -3*u + u. Let k = u + p. What are the prime factors of k?
2, 3
Let p(d) = d**3 + 9*d**2 + 4*d - 4. Let i be p(-8). Let w = 43 - i. List the prime factors of w.
3, 5
Suppose 0 = 4*q + 3 - 19. Let v(r) = r**3 - 3*r**2 - 5*r + 6. Let w be v(q). What are the prime factors of 1*27/(w - -1)?
3
Let x(p) = -226*p. Let r(v) = 5085*v. Let f(q) = 5*r(q) + 113*x(q). Let l be f(-1). List the prime factors of 3/(-5) + l/5.
2, 11
Let v be 1 - ((3 - 6) + 2). Let g(f) = 15*f + 13. Let b(r) = -7*r - 6. Let x(k) = -9*b(k) - 4*g(k). List the prime factors of x(v).
2
Suppose -6*a - 80 = -a. Let f = -1 - a. List the prime factors of f.
3, 5
Suppose 0*n = -3*n + 39. Let p = 23 - n. What are the prime factors of p?
2, 5
Suppose 14 = 2*l - 4*d, -14 = -4*l - 0*l + d. List the prime factors of l.
3
Suppose 3*y - 229 = 2*w, 6*w = 3*w - 15. List the prime factors of y.
73
Let j be (-4 + 1)*(0 - 1). Let x(u) = -u**3 - 3*u**2 - 2*u + 1. Let q be x(-2). Suppose m = j*z + 5, z + 76 = 4*m + q. List the prime factors of m.
2, 5
Let a be (-2)/4 + (-1)/(-2). Suppose 5*d - 3*d - 80 = a. Suppose -d = -5*j - 0*j. List the prime factors of j.
2
Suppose 2 = -3*u + 5, 3*j + 5*u - 41 = 0. What are the prime factors of j?
2, 3
Let w = 85 - 52. Let k = w - 18. What are the prime factors of k?
3, 5
Suppose -5*q + q = 0. Let c(f) = 2*f + f + f + q*f. What are the prime factors of c(3)?
2, 3
Suppose -w - 19 = -5*r, 5*w = r - 1 + 2. List the prime factors of w*42 + 0/(-2).
2, 3, 7
Suppose -3*g + 95 = -4*j, 0 = g - 0*g - 4*j - 45. Suppose 5*s - g = -0*s. What are the prime factors of s?
5
What are the prime factors of (-6)/9 - (-65)/3?
3, 7
Let t be 19/(-5) + 4/(-20). Let m be (-18)/t*(-2)/(-3). Suppose 5*i = 3*w - 15, 4*w - m*i - 34 = -i. List the prime factors of w.
2, 5
Let d = -9 + 31. Suppose 23 + d = 3*f. What are the prime factors of f?
3, 5
Suppose z - 31 = -4*s, -2*s - 2 = -5*z - 1. List the prime factors of s.
7
Let b(k) = -4*k - 2*k + 7 + 10*k. What are the prime factors of b(3)?
19
What are the prime factors of (66/(-18))/((-4)/156)?
11, 13
Let z(x) = 4*x**3 - x**2 - 4*x + 2. Let q(g) = 2*g + 3*g - 2 + 0*g**3 - 5*g**3 + g**2. Let n(i) = 2*q(i) + 3*z(i). What are the prime factors of n(2)?
2, 5
Suppose 4*s = 38 + 90. Let v = -16 + s. List the prime factors of v.
2
Let k be 2/(-1) - (-1 - 1). Let m(p) = -2 + 9 + 1 - p + 1. What are the prime factors of m(k)?
3
Suppose 2*a - 4*n - 12 - 14 = 0, 4*a - 12 = -2*n. What are the prime factors of a?
5
Let l(k) be the third derivative of -k**4/6 - 7*k**3/6 + 6*k**2. What are the prime factors of l(-5)?
13
Let l be 0/(-2 + 1) - 0. Let h(v) = v**3 + 6*v**2 - 2*v - 4. Let a be h(-6). Suppose -2*y - k + 14 = 0, 4*y = 3*k - l*k + a. What are the prime factors of y?
5
List the prime factors of ((-4)/(-8))/((-2)/(-68)).
17
Let b = 3 - 3. List the prime factors of 2 + (-2 - b) - -18.
2, 3
Let s(d) be the first derivative of d**4/4 - d**3/3 + 2*d**2 - 4*d + 10. List the prime factors of s(2).
2
Let r(v) = v**3 + 8*v**2 + 8*v + 10. Let w(h) = -h**3 - 8*h**2 + 10*h + 2. Let i be w(-9). What are the prime factors of r(i)?
3
Let x(c) = 8*c**2 - 3*c - 3. Let m be x(-2). Suppose -m = -4*w + 117. Suppose -v + w = v. List the prime factors of v.
19
Let b = -80 - -130. List the prime factors of b.
2, 5
Suppose 832 = 5*m - 3*b, -m = 2*b - 208 + 52. List the prime factors of m.
2, 41
Let h(a) = -a**2 + 9*a - 9. Let v be h(6). Let y = -7 + v. What are the prime factors of y?
2
Let y(g) = g**2 - 4*g. Let m be 2 + (-2 + -1 - -3). Let a be y(m). Let u = 5 - a. List the prime factors of u.
3
Let u be ((-75)/9)/((-3)/(-9)). Let s = 45 + u. Suppose -4*y - z = z - 40, 4*z - s = -3*y. What are the prime factors of y?
2, 3
Let o(u) = u**2 - 4*u + 7. Let f(c) = -c + 1. Let m be f(-6). Suppose -5*g = 5*v - 15, 5*v - m = -3*g - 2. What are the prime factors of o(g)?
2, 3
Let q(m) = -m. Let n(i) = -4*i - 15. Let b(c) = n(c) - 5*q(c). Let z(v) = -2*v + 16. Let y(r) = -3*b(r) - 2*z(r). What are the prime factors of y(-10)?
3
Let u = -145 + 216. List the prime factors of u.
71
What are the prime factors of ((-7)/(-3) - 2)*1284?
2, 107
Let g(t) = -2*t**3 - 2*t**2 + 5*t - 8. Let m(q) = q**3 - q**2 + 1. Let o(j) = g(j) + 3*m(j). List the prime factors of o(5).
2, 5
Suppose 2*y - 2*i - 2 = 0, i + 17 = 5*y - 8. Let g(m) = -7 + 5*m + 5 - 10*m + m**2. What are the prime factors of g(y)?
2
Suppose 0*w = -5*w + 20. What are the prime factors of w?
2
Let j = 1 - -1. Suppose 150 = 16*m - 106. List the prime factors of j/(-8)*(-4 - m).
5
Let c = 5 - -1. Suppose 0 = 3*o - c, 3*a = a - 5*o + 8. Let t = 1 - a. What are the prime factors of t?
2
Let q(n) = 8*n - 3. Let t(g) = g + 1. Let h(o) = q(o) - 6*t(o). List the prime factors of h(6).
3
Suppose 3*b + 220 = 4*i, -5*i = -b - b - 282. Suppose 5*w - 70 = -2*z, w + 2*z - i = -3*w. What are